{"version":"1.0","provider_name":"Suomi-Saksa Yhdistysten Liitto ry","provider_url":"https:\/\/www.ssyl.fi\/de\/","title":"Neue Vorstandsmitglieder - Suomi-Saksa Yhdistysten Liitto ry","type":"rich","width":600,"height":338,"html":"<blockquote class=\"wp-embedded-content\" data-secret=\"2sq6ukh4LY\"><a href=\"https:\/\/www.ssyl.fi\/de\/aktuelles\/uusia-nimia-ssyln-hallitukseen\/\">Neue Vorstandsmitglieder<\/a><\/blockquote><iframe sandbox=\"allow-scripts\" security=\"restricted\" src=\"https:\/\/www.ssyl.fi\/de\/aktuelles\/uusia-nimia-ssyln-hallitukseen\/embed\/#?secret=2sq6ukh4LY\" width=\"600\" height=\"338\" title=\"&#8220;Neue Vorstandsmitglieder&#8221; &#8212; Suomi-Saksa Yhdistysten Liitto ry\" data-secret=\"2sq6ukh4LY\" frameborder=\"0\" marginwidth=\"0\" marginheight=\"0\" scrolling=\"no\" class=\"wp-embedded-content\"><\/iframe><script type=\"text\/javascript\">\n\/* <![CDATA[ *\/\n\/*! This file is auto-generated *\/\n!function(d,l){\"use strict\";l.querySelector&&d.addEventListener&&\"undefined\"!=typeof URL&&(d.wp=d.wp||{},d.wp.receiveEmbedMessage||(d.wp.receiveEmbedMessage=function(e){var t=e.data;if((t||t.secret||t.message||t.value)&&!\/[^a-zA-Z0-9]\/.test(t.secret)){for(var s,r,n,a=l.querySelectorAll('iframe[data-secret=\"'+t.secret+'\"]'),o=l.querySelectorAll('blockquote[data-secret=\"'+t.secret+'\"]'),c=new RegExp(\"^https?:$\",\"i\"),i=0;i<o.length;i++)o[i].style.display=\"none\";for(i=0;i<a.length;i++)s=a[i],e.source===s.contentWindow&&(s.removeAttribute(\"style\"),\"height\"===t.message?(1e3<(r=parseInt(t.value,10))?r=1e3:~~r<200&&(r=200),s.height=r):\"link\"===t.message&&(r=new URL(s.getAttribute(\"src\")),n=new URL(t.value),c.test(n.protocol))&&n.host===r.host&&l.activeElement===s&&(d.top.location.href=t.value))}},d.addEventListener(\"message\",d.wp.receiveEmbedMessage,!1),l.addEventListener(\"DOMContentLoaded\",function(){for(var e,t,s=l.querySelectorAll(\"iframe.wp-embedded-content\"),r=0;r<s.length;r++)(t=(e=s[r]).getAttribute(\"data-secret\"))||(t=Math.random().toString(36).substring(2,12),e.src+=\"#?secret=\"+t,e.setAttribute(\"data-secret\",t)),e.contentWindow.postMessage({message:\"ready\",secret:t},\"*\")},!1)))}(window,document);\n\/\/# sourceURL=https:\/\/www.ssyl.fi\/wordpress\/wp-includes\/js\/wp-embed.min.js\n\/* ]]> *\/\n<\/script>\n","description":"Vuonna 2013 SSYL:n hallituksessa n\u00e4hd\u00e4\u00e4n kaksi uutta kasvoa &#8211; Jens Gr\u00fcbl Turusta ja Kirsti Pitk\u00e4nen Kangasalta. Molemmat ovat olleet hallituksen varaj\u00e4seni\u00e4, joten heid\u00e4n tilalleen varaj\u00e4seniksi valittiin\u00a0Paula Suoja\u00a0Riihim\u00e4elt\u00e4 ja\u00a0Maisa Lukkarinen Lappeenrannasta. Seuraavat henkil\u00f6t valittiin uudelle kaksivuotiskaudelle: Kirsi Aaltonen-Kiianmies Tampereelta,\u00a0Kirsi Kuusisto Sein\u00e4joelta ja Tuija S\u00e4rkk\u00e4-Wirth Mikkelist\u00e4. Liiton syyskokous pidettiin Oulussa lauantaina 17.11.2012. Samassa yhteydess\u00e4 muistettiin hallituksen vuoden [&hellip;]","thumbnail_url":"https:\/\/www.ssyl.fi\/content\/uploads\/2019\/10\/some-jako_FB_1200x630px.jpg","thumbnail_width":1200,"thumbnail_height":630}

Vuonna 2013 SSYL:n hallituksessa nähdään kaksi uutta kasvoa &#8211; Jens Grübl Turusta ja Kirsti Pitkänen Kangasalta. Molemmat ovat olleet hallituksen varajäseniä, joten heidän tilalleen varajäseniksi valittiin Paula Suoja Riihimäeltä ja Maisa Lukkarinen Lappeenrannasta. Seuraavat henkilöt valittiin uudelle kaksivuotiskaudelle: Kirsi Aaltonen-Kiianmies Tampereelta, Kirsi Kuusisto Seinäjoelta ja Tuija Särkkä-Wirth Mikkelistä. Liiton syyskokous pidettiin Oulussa lauantaina 17.11.2012. Samassa yhteydessä muistettiin hallituksen vuoden [&hellip;]
